e c(-5). Give g(t).
11
Let b = 281 + -274. Let l(s) = s**2 - 7*s - 7. What is l(b)?
-7
Let i(u) = u + 2. Suppose -108 + 88 = 4*h. Let y(f) = -f - 3. Let k(l) = h*y(l) - 4*i(l). Calculate k(-6).
1
Let k(j) = j + 4. Let m(n) = -2*n - 2. Let f be m(2). Let d be k(f). Let x(b) be the third derivative of b**5/60 + b**4/8 - b**3/3 + 3*b**2. Give x(d).
-4
Suppose 20 - 4 = -4*r. Let j(o) = -175*o - 8 + 12*o + 161*o + 3. Give j(r).
3
Let a(d) = d**2 - 3*d - 6*d**2 + d + 4 - d**3. Let w = -10852 + 10849. What is a(w)?
-8
Let m(i) = -4*i**3 + 7*i - 16. Let t(x) = -3*x**3 + 5*x - 11. Let h(z) = 5*m(z) - 7*t(z). Give h(0).
-3
Let l(v) be the third derivative of -v**5/12 - v**4/24 + v**3/3 - 7*v**2. Let o(u) = 4*u - 50. Let y be o(12). What is l(y)?
-16
Let b(k) = -k**3 - 7*k**2 - 8*k - 1. Let s be (-855)/133 + 6/14. Give b(s).
11
Let o(u) be the second derivative of -2*u**2 + 0*u**3 + 0 + 15*u - 1/20*u**5 - 1/4*u**4. Give o(-3).
-4
Let v(t) = 3 - 8 - 12*t + 7. Give v(2).
-22
Let p be (-300)/525 + (-39)/(-7). Let t(z) be the second derivative of 7/2*z**2 + 0 + 1/20*z**p + 5/12*z**4 - 6*z - 5/6*z**3. Determine t(-6).
1
Suppose -22*k + 84 = -70. Let p(t) = t**3 - 8*t**2 + 9*t - 5. What is p(k)?
9
Suppose 2*w - 14 = -4*k, 0 = 25*k - 24*k - 2. Let h(d) be the first derivative of -w - 1/4*d**4 - d**3 + 0*d + 2*d**2. Give h(-4).
0
Let v(h) = -h**2 - 2*h - 2. Let r(n) = -n**2 + 12*n - 3. Let w be r(12). Let s be v(w). Let i(l) = -3 + 2 + l + 9. Calculate i(s).
3
Let c(g) = g + 7. Let p be c(-5). Suppose s - p = -s. Let b(i) be the second derivative of 3*i**4/4 + i**2/2 + 2*i. Give b(s).
10
Let n(y) = -12*y + 3*y - 2 - 1 + 11*y + 2. Suppose 4*w + 12 = -28. Let h = w + 5. Determine n(h).
-11
Let b(u) = 4*u**2 + 5*u. Let p be b(-2). Let a(f) = -2 - f**2 + 3*f + 5*f - 7. Determine a(p).
3
Let b(f) be the second derivative of f**6/120 - 7*f**5/60 + f**4/4 - f**3/6 + 5*f**2/2 - 3*f. Let d(q) be the first derivative of b(q). Calculate d(6).
-1
Let c be -2 - -2 - (-3 - 1). Let l(x) = -10*x - 2 - 121*x**2 + 244*x**2 + 3 + 4 - 122*x**2. Give l(c).
-19
Let t(j) = j + 7. Let y = -222 - -216. Determine t(y).
1
Let y(a) = 6*a - 2*a + 2*a. Let p(i) = -16*i - 95. Let s be p(-6). Calculate y(s).
6
Suppose 4*p + 4*m = 28, -4*m = -p - 7*m + 11. Let c(k) = -p*k**2 + 5 + 5*k**2 + 4*k - k**2. Determine c(7).
-16
Let b(s) = 3*s**3 - 3*s**2 - 8*s + 4. Let p(i) = i**3 - i + 1. Let j(l) = l**2 - 4*l + 4. Let z be j(3). Let n(q) = z*b(q) - 2*p(q). What is n(4)?
-6
Let z(u) = -u + 5. Let c = 106 - 95. Calculate z(c).
-6
Suppose 0*x = 4*x + 200. Let q be (1 + 1)*x/(-20). Suppose -9*y - 8 = -q*y. Let b(k) = k**3 + 2*k**2. What is b(y)?
0
Let v(r) be the second derivative of -1/6*r**3 + 1/20*r**5 - 1/6*r**4 - 25*r + 0 - 1/2*r**2. Suppose 4*w + 27 = 5*b, 11 = 4*b - 2*w - 7. Calculate v(b).
5
Let y(l) be the third derivative of -l**5/15 - l**4/8 - l**3/6 - 75*l**2. What is y(-1)?
-2
Suppose -11*c - 13 = -z - 8*c, -z - 4*c - 22 = 0. Let l be 36/21 + (-4)/(-14). Let k(r) = -2*r**l + r - r**2 + 4*r**2. Calculate k(z).
2
Let s(w) be the third derivative of -w**6/40 + w**5/15 + w**4/24 + w**3/6 + w**2 + 3*w. Determine s(3).
-41
Let y(w) = 15*w + 85. Let r be y(-6). Let o(f) = -f**3 + f**2 - f - 1. Let x(t) = 6*t**3 - 6*t**2 + 3. Let p(a) = r*o(a) - x(a). Give p(-3).
23
Let d = -1101 - -1107. Let v(s) = 1 - 2 + s + 2. Let a(h) = -h - 12. Let z(o) = -a(o) - 2*v(o). Determine z(d).
4
Let u(b) = -3*b**2 + 2*b + 6. Suppose 4*t = -8*k + 11*k - 20, 3*k + t - 10 = 0. Calculate u(k).
-34
Suppose -36*n = -39*n - 354. Let q be n/18 - 64/144. Let j(s) = -s**2 - 8*s - 8. Give j(q).
-1
Let x be (2 - 1) + (4 - 0). Let d(c) be the second derivative of c**5/20 - 5*c**4/12 + c**3/6 + c**2/2 - 2*c - 142. Calculate d(x).
6
Suppose q - 5*n - 12 = -2, 3*q = -2*n - 21. Let p(o) be the second derivative of -o**3/6 + 3*o**2/2 + 4*o + 102. What is p(q)?
8
Let t be -1 - -4 - (12/(-1))/(-12). Let k(z) = 3*z - 2. Let b = -8 - -13. Let q(a) = a - 1. Let s(w) = b*q(w) - k(w). Give s(t).
1
Let l be 55 - 63 - (-7 - -2). Let i = 3 + -2. Let g(v) = -i + 1 - 3*v. Give g(l).
9
Let l(s) = 9*s. Let j(g) = 60*g + 1 - 63*g - 8. Let h be j(-2). What is l(h)?
-9
Let o = 6 - 4. Let u(a) = -2 + 6*a - 4 - 9 + 19*a. Let v(g) = -12*g + 7. Let m(k) = -6*u(k) - 13*v(k). Give m(o).
11
Let z(f) = -f**3 - 2*f**2 + 10*f + 6. Let i be z(-4). Let q(r) = -r. Let s(t) = 4*t - 2. Let d(l) = -3*q(l) - s(l). Calculate d(i).
4
Let u(w) be the second derivative of -w**5/20 - w**3/6 - 2*w**2 - w. Let g(l) = 2*l + 3. Let r be g(1). Let a(x) = x - 5. Let o be a(r). Give u(o).
-4
Let j be ((-6)/1)/(-8 - (-259)/35). Let v(l) be the second derivative of -l**4/12 + 4*l**3/3 + 4*l**2 + 3*l. Determine v(j).
-12
Let n(o) = -3*o + 52. Let p be n(19). Let s(f) = -f - 3. Let q(k) = k + 5. Let h(d) = 5*q(d) + 8*s(d). Give h(p).
16
Let g(d) = -4*d + 9 + 2*d - 1 + 8. Let x be g(7). Let s(c) = c**2 - 4*c + 2. What is s(x)?
-2
Let l(m) = 81*m - 111. Let y(t) = -5*t + 7. Let g = -17 + 19. Let j(i) = g*l(i) + 33*y(i). Determine j(7).
-12
Let a(m) = 10*m - 3 + 7 - 3*m + m**2. Let x = 90 + -44. Let p be (-7)/28 + x/(-8). Determine a(p).
-2
Let y be (0 - 2/2)*0. Suppose 2*b - 4*v + 4 = 0, y = -5*b - 3*v + 1 + 2. Let q(z) = 0*z**2 + 2*z**2 + 81 + b*z**2 - 2*z - 80. Calculate q(-2).
13
Let g(j) = 3085*j - 23 + 3 - 3091*j. Calculate g(-4).
4
Let w = -435/2 + 219. Let l(g) be the first derivative of w*g**2 - 2 + 3*g. Calculate l(-2).
-3
Let c(u) = 6*u**3 - u**2 - 1. Let i(a) = a**3 - 4*a**2 - 3*a - 8. Let j be i(5). Calculate c(j).
43
Suppose 1622*w + 74 = 1624*w. Suppose -2*i - 2 = -94. Let u(k) = -w*k**3 + 6*k**2 - i*k**3 + 3 + 84*k**3 + 4*k. Calculate u(-5).
8
Let j(k) = k - 5. Let l be j(11). Suppose 0 = 4*y + 3*u + 1, 0*y + y + 2*u = l. Let p(x) = 1. Let c(b) = b - 8. Let q(s) = c(s) + 5*p(s). Calculate q(y).
-7
Let n(d) = 4*d**3 - d**2 + 8*d - 13. Let g(o) = 2*o**3 + 4*o - 7. Let i(s) = -7*g(s) + 4*n(s). What is i(2)?
5
Suppose -2*w = -3*f + 29, 4*f - 24 - 8 = w. Let v(l) = -f*l + 4*l + 0*l + 4*l - 6. What is v(0)?
-6
Suppose -3*i - 116 + 47 = 0. Suppose -7 = -4*d + 9, -3*m + 4*d + 65 = 0. Let k = i + m. Let r(f) = -f**2 + 5*f - 4. Give r(k).
0
Let h(k) be the second derivative of k**3 - 13*k**2/2 + 7*k + 6. What is h(3)?
5
Let z(y) be the third derivative of y**5/60 + 11*y**3/6 + 4*y**2. Let j = -10 - -10. Determine z(j).
11
Let m(p) = -10*p**3 + 20*p**2 - 5*p - 6. Let y(c) = 21*c**3 - 43*c**2 + 11*c + 13. Let b(w) = -13*m(w) - 6*y(w). Suppose 5 = -4*s + 1. Give b(s).
-5
Let w = 16 + -14. Let a(j) be the first derivative of -2*j**2 + 1/4*j**4 + 1/3*j**3 + 3*j - 2. Give a(w).
7
Let o(t) be the third derivative of -5*t**2 + 0*t**3 + 7/24*t**4 + 1/24*t**5 + 0 + 1/720*t**6 + 0*t. Let l(j) be the second derivative of o(j). Calculate l(-4).
1
Let h(a) be the second derivative of a**4/6 - 7*a**3/6 - a**2/2 + 177*a. What is h(3)?
-4
Let a(x) = x**3 + 5*x**2 + 5*x. Let f = -9 - -14. Let q be 8*(-2)/(-4)*2. Suppose 12 = -f*p - q. Calculate a(p).
-4
Let j(b) = -b**3 + 5*b**2 + 3*b - 5. Let o(v) = v**2 - 14*v + 26. Let p be o(12). Let t(k) = 3*k**3 - 9*k**2 - 6*k + 10. Let c(w) = p*t(w) + 5*j(w). Give c(-6).
13
Let f = -37 + 32. Let b(p) be the first derivative of -2*p - 1/2*p**2 + 1. Determine b(f).
3
Let x(m) be the first derivative of 5*m**4 + m**2 - m + 156. What is x(1)?
21
Let n(i) = i + 221 - 222 - 16*i**2 - i. Give n(-1).
-17
Suppose -5*p + 2*o - 32 = 0, -4*p - 4*o = 49 - 1. Let k(s) be the first derivative of s**3/3 + 9*s**2/2 + 8*s - 22. What is k(p)?
0
Let s(o) be the second derivative of 7/12*o**4 + 0 + 12*o + 1/6*o**3 + 7*o**2. Let j(v) = -13*v**2 - 3*v - 27. Let p(t) = 6*j(t) + 11*s(t). Calculate p(-6).
-2
Let f be 1/((10 + -6)*(-2)/(-40)). Let d(s) = 14*s - 2 - 1 - 16*s + f. Let m = -6 - -10. Give d(m).
-6
Let n(w) = -w**3 - 5*w**2 + 7*w + 2. Let z(j) = j**3 + j**2 - 1. Let h be z(0). Let o = h + -5. Calculate n(o).
-4
Let d(w) be the first derivative of w**3/3 + w**2/2 + 10*w + 60. Give d(0).
10
Suppose 0 = 2*n - 17 + 1. Let k(i) = -3*i**2 + 37*i - 9. Let m(a) = a**2 - 13*a + 3. Let w(h) = 3*k(h) + 8*m(h). Determine w(n).
-11
Let s be (-666)/81 - -8 - (-100)/(-36). Let h(m) = m**2 + 5*m - 4. Calculate h(s).
-10
Let p(z) = -z - 1. Let c be p(2). Let v(r) be the third derivat